o**3 - o**2 - o + 1. Let r(u) = -5*u**3 + 3*u**2 + 5*u - 5. Let l(p) = 9*g(p) + 2*r(p). Suppose 18*i = 8*i + 9460. Let t = i - 949. Calculate l(t).
-4
Suppose 3*c + 4026 = -8*c. Let a = c - -362. Let w(l) be the second derivative of -l**3/6 + 5*l**2/2 + l. Calculate w(a).
9
Let a(w) = 34 - w**2 - 46*w + 128*w - 144 - 56*w. Give a(22).
-22
Suppose 0 = -1558*k + 1572*k - 266. Let q(j) = 38*j - 723. Determine q(k).
-1
Suppose 0 = -4*t + 2*t - 16. Let m(o) be the first derivative of -7*o**2/2 + o - 10. Let i(g) = 15*g - 2. Let a(s) = 6*i(s) + 13*m(s). Determine a(t).
9
Suppose -3*l = 2*k - 26, -6*k = -4*k - l - 10. Suppose -k*b = -11*b + 52. Suppose b*t - 4*t = 0. Let x(d) = -d**3 + d**2 + d - 6. Calculate x(t).
-6
Let c(b) be the second derivative of -b**4/12 + b**3/6 - b**2 - 11*b - 1. Suppose 35 = -3*w - 28. Let u = 23 + w. Determine c(u).
-4
Suppose -2*v + q = 2*q + 388, -4*v - 4*q - 780 = 0. Let f = v - -187. Let s(b) = -b**2 - 8*b - 9. Give s(f).
3
Let k(u) = 12*u**2 + 5*u - 9. Let n(z) = -38*z**2 - 16*z + 28. Let f(d) = -16*k(d) - 5*n(d). Let o(h) = -2*h**2 - 16*h - 14. Let y be o(-7). Determine f(y).
4
Suppose -5*v - c - 62 = 0, 3*c = -5*v - 38 - 18. Let d(a) be the first derivative of a**2/2 + 2*a + 2767. Determine d(v).
-11
Let u(k) = 817*k + 827*k - 2466*k - 1 + 823*k. What is u(11)?
10
Let x(u) = -2*u - 4*u + 16 + 4*u. Let o be (2/11)/((-151)/(-3322)). Let s be x(o). Let t(i) = -2*i + 11. Determine t(s).
-5
Suppose -q = -4*n + 14, 5*q - 22 = -n - 2*n. Let o be 64 + (-3 - (-1)/(2/n)). Let x = -57 + o. Let v(c) = 2*c - 7. What is v(x)?
5
Let s(o) = -9*o + 60. Let r(j) = -18*j + 137. Let u(i) = 3*r(i) - 7*s(i). Calculate u(6).
45
Let v(t) = -t**3 + t**2 + t - 29. Let q(s) = 37*s - 74. Let j(z) = 8*z + 26. Let r be j(-3). Let m be q(r). What is v(m)?
-29
Let y(v) be the first derivative of -4/3*v**3 + 17 + v - 5*v**2. Let z(c) = -3*c**2 - 9*c + 1. Let j(b) = -4*y(b) + 5*z(b). Give j(4).
-3
Let k be -2*2/8*(-30 + 24). Let i(o) = -2*o**3 - 3*o**2 - 5 - o**2 - o**k + 2*o**3 - 3*o. Let b be (-4)/(2 + -1 - 0). Calculate i(b).
7
Suppose 18 = -29*w + 38*w. Suppose w*s - 4 = -4*m, -5*s - 5*m - 8 = -9*s. Let n(b) be the second derivative of -b**3/2 + 2*b. Calculate n(s).
-6
Let y(u) be the second derivative of -u**3 - 3*u**2/2 + 695*u. What is y(12)?
-75
Let x(a) be the first derivative of -a**3/3 + 10*a**2 + 221*a - 993. What is x(-8)?
-3
Let c(r) = r**2 - 2*r + 3. Let x be (2 - (-12)/(-10))/(44/1210). Suppose 7*z = -3*g + 2*z - x, -5*g = z. Let u be (-4 - -4 - g)*-2. Calculate c(u).
3
Let p(i) = 3*i - 45. Let c be p(16). Let o(u) = 73*u - 72*u + 7 - c. Let q = -27 + 20. Calculate o(q).
-3
Let a(y) = 17*y - 4. Let q = 6677 + -6674. Calculate a(q).
47
Let u(v) be the first derivative of 6*v + 167 + 58*v**2 + 0*v - 54*v**2. Calculate u(-4).
-26
Suppose 2*b + 7 = 3*u, -4*u + 7*u + 4*b = -5. Let j(r) = r - 4. Let g(v) = -2. Let x(i) = u*g(i) - j(i). Calculate x(8).
-6
Let v(j) = 5*j**2 + 2*j + 1. Let k be v(-1). Suppose k*x - 8*x + 24 = 0. Let r be ((-13)/(91/x))/((-1)/(-7)). Let a(q) = -q**2 - 7*q - 8. What is a(r)?
-2
Suppose 6 = -4*v - 6. Let n(x) be the first derivative of -4*x + 1/2*x**2 + 35. Calculate n(v).
-7
Let k be (162/(-12) - -12)/(-18). Let f(i) be the second derivative of k*i**4 + 7*i + 2/3*i**3 + 0 + 1/2*i**2. What is f(-5)?
6
Let d(i) be the second derivative of i**3/2 + 37*i**2/2 + 85*i + 4. Calculate d(-13).
-2
Let i(p) = p**2 + 3*p - 10. Let h = 420 - 417. Let v be 11 + -14 - (7 - h)*1. What is i(v)?
18
Let p = 7 + -6. Let o(m) = -7*m**3 - m. Let n(d) = 13*d**3 - d**2 + 3*d. Let g = 12 - 17. Let v(w) = g*o(w) - 2*n(w). What is v(p)?
10
Let a(u) = 2*u**2 + 8*u + 11. Let o be (60/750)/((-1)/5)*(-4 + 14). Give a(o).
11
Let c(j) = -10*j + 157. Let v(p) = 9*p - 75. Let g be v(10). Let o be c(g). Let d(u) = -u**2 + 5*u + 9. What is d(o)?
-5
Let p(n) = n**2 + 5*n - 3. Let q be p(-6). Let x be (26/78)/(7/(-3)) + (-15)/(-7). Let v(y) = -2 + q - 1 - 3 - x*y. Calculate v(-2).
1
Let s(p) = 6 - 30 - 837*p - 841*p + 1680*p. What is s(12)?
0
Let x(o) = -45*o - 97. Let r be x(-2). Let a(y) = y**2 + 4*y - 1. Let v be a(-4). Let c = r - v. Let q(d) = -d + 1. Determine q(c).
7
Let q = 69 - 67. Suppose -q*x + 19 = 15. Let c(z) = -z + 6. What is c(x)?
4
Let r(t) = 5 + 6 + 5 + 536*t - 272*t - 274*t. What is r(-7)?
86
Let p be (-4)/22 + (-1472)/(-352). Suppose -p*y = 5*r + 47, -2*r + 9 - 35 = -2*y. Let t(j) = j - 1. Give t(r).
-12
Let k(d) be the first derivative of -1/4*d**4 - d + 0*d**3 + d**2 + 12. Let t(x) = -x**3 - 3*x**2 + 2*x + 6. Let j be t(-2). Calculate k(j).
3
Let f(n) be the second derivative of -n**4/12 + 7*n**3/6 - 5*n**2/2 - 2944*n. Let s = -6 + 10. Give f(s).
7
Let b be (4/(-6))/(290/(-870)). Let j(r) be the third derivative of 1/24*r**4 - 17*r**b + 0*r + 0 - 13/6*r**3. Determine j(10).
-3
Let c(z) = -85*z - 30. Let y(f) = 67*f + 30. Let x(i) = -4*c(i) - 5*y(i). Give x(7).
5
Let t(f) = f**3 + 11*f**2 - 8*f + 8. Let z(q) = -q**3 - 13*q**2 + 9*q - 7. Let u(m) = 3*t(m) + 2*z(m). Let j = -17 - -9. Determine u(j).
-6
Let s(j) be the first derivative of -7*j**4/2 + 2*j**3/3 - j**2/2 - 6*j - 1747. What is s(-2)?
116
Suppose -2*k + k - 4 = 0. Let n(l) = -5 + 716*l**2 - 3*l + 5*l - 715*l**2 - 6. Let s be n(k). Let p(r) = 3*r**2 + 3*r - 2. What is p(s)?
16
Let s be ((-24)/(-7))/4 + (-339)/(-21) + -1. Let p(v) = 4*v + 3. Determine p(s).
67
Let k(p) = 7836*p - 31337. Let u be k(4). Let d(w) = 2*w + 3. Let r(v) = 3*v + 3. Let h(x) = 5*d(x) - 4*r(x). Give h(u).
-11
Let c(z) = 5*z + 61. Let k be 1/14*4 + -642*(-14)/(-588). Give c(k).
-14
Let n(f) = f**2 - 7*f - 24. Let t(l) = l**3 + 5*l**2 - 11*l - 1. Let u be t(2). Suppose -5*h = u*w - 0*w - 60, h - 2 = 4*w. What is n(h)?
6
Suppose 72*c - 71*c - 2 = 0. Let p(f) = 2*f**2 - 1 - 6*f**2 + f + 2 + 0*f**c. Suppose 0*d = 3*d + 6. Calculate p(d).
-17
Let d(v) be the third derivative of -v**6/360 - v**5/15 - 11*v**4/24 - 113*v**3/3 + 232*v**2. Let h(q) be the first derivative of d(q). What is h(-5)?
4
Suppose 0*s - 15 = -5*s. Let v(l) be the second derivative of -l**5/20 + 7*l**4/12 - 5*l**3/6 + 3*l**2/2 - 3*l. What is v(s)?
24
Suppose -4*a + 5*i - 5 = 0, -104*i = -2*a - 102*i - 4. Let n(q) = -q**3 - 4*q**2 + 11*q + 31. What is n(a)?
1
Let n(w) be the third derivative of -1/8*w**4 + 108*w**2 + 0 + 0*w - 1/12*w**5 + 2/3*w**3 + 1/120*w**6. Give n(6).
22
Let q(c) = c**3 + 4*c**2 - 7*c - 15. Suppose 195*p + 5*t + 60 = 191*p, -5*p = 3*t + 49. Give q(p).
-5
Let o(k) = -7*k**3 + 14*k**2 + 5*k + 5. Let p(m) = 3*m**3 - 7*m**2 - 2*m - 2. Let j(g) = 2*o(g) + 5*p(g). Let b = -651 + 658. Give j(b).
0
Let v(d) = 57*d + 170. Let n(i) = -56*i - 165. Let c(q) = 3*n(q) + 2*v(q). What is c(-3)?
7
Let a(l) = 5*l**2 + 46194*l + l**2 + 2*l**3 - 1 - 46192*l - l**3. Let h(g) = -2*g + 3*g - 3*g + 0*g + g**3 + 6 - 4*g**2. Let b be h(4). Calculate a(b).
11
Let b = -161 + 163. Let g(z) = 6*z - 7*z + 6*z**b - 5 + 0 + 3*z - z**3. Let q = 7 - 1. What is g(q)?
7
Let o(v) = v**2 - 6*v + 4. Let n be o(6). Let b(t) = -t - 15. Let z be b(-20). Let h(q) = 4*q**3 + q**3 - 3*q + 0 - 6*q**3 - 3 + z*q**2. Calculate h(n).
1
Let i be 0 - 2/9 - (95927/846)/(-157). Let d(j) be the first derivative of -3*j + 10 - i*j**2. What is d(-9)?
6
Let q(j) be the first derivative of j**3 + 1/2*j**4 + 1/2*j**2 + 110 + 0*j. Calculate q(-2).
-6
Let q(j) = j**2 - 44*j - 41. Let v be q(45). Let t(l) = 2*l**2 - 2*l - 9. Determine t(v).
15
Let y(j) = -j**3 + 4*j**2 - 4. Let d be (-270)/81*(-6)/4. Suppose 2*f - d*c = 3, -4*f + 5*c = 4*c - 15. What is y(f)?
-4
Let s = 6/301 - -181/6020. Let l(k) be the second derivative of 0*k**2 - 1/2*k**4 + 39*k + 0 + s*k**5 + 7/6*k**3. Calculate l(5).
10
Let m(x) = 14*x**2 - 13*x + 56. Let f(j) = -5*j**2 + 5*j - 19. Let s(z) = 17*f(z) + 6*m(z). Let h(q) = q**3 + 7*q**2 + 5*q + 3. Let u be h(-6). Give s(u).
-5
Let j be -10 + 29 + (4 - 7). Let c(h) = h**3 - 17*h**2 + 16*h + 13. Determine c(j).
13
Let h(o) = -o**2 + o + 7. Suppose -4*d - 5*n - 17 = 0, 4*n = 4*d - 61 + 69. What is h(d)?
-5
Let g be 2/(-4) - (-2)/(-4). Let h(v) = -118 + 51*v**3 + 9*v - 8*v - 65*v**3 + 119. Give h(g).
14
Let x(l) = 4357*l - l**3 - 12 + 7*l**2 - 4368*l + 5. What is x(6)?
-37
Let t(m) = -8*m + 104. Let r(n) = -31*n + 435. Let s(z) = 3*r(z) - 13*t(z). Determi